Let h(n) = 342*n + 41550. Give h(-121).
168
Let w(n) = 2*n**3 - 48*n**2 + 7*n - 768. What is w(24)?
-600
Let h(d) = 7135*d + 106916. What is h(-15)?
-109
Let p(w) = 274*w + 233. Give p(-6).
-1411
Let q(v) = -9*v**2 + 1508*v + 884. Calculate q(168).
212
Let w(z) = -25*z**3 - 96*z**2 + 7*z + 18. Determine w(-4).
54
Let l(t) = -t**3 + 36*t**2 - 53*t + 3497. Calculate l(37).
167
Let i(x) = -3*x**2 + 1214*x + 1213. Calculate i(-1).
-4
Let c(p) = -2*p**2 + 240*p - 6416. Determine c(65).
734
Let c(j) = 2*j**2 + 568*j + 29379. What is c(-216)?
3
Let f(k) = -34*k**3 + 137*k**2 + 206*k - 831. Calculate f(4).
9
Let o(d) = -d**3 + 192*d**2 + 1196*d - 1286. What is o(198)?
298
Let l(k) = -10*k**2 - 1773*k - 10674. What is l(-6)?
-396
Let d(i) = 921*i + 43011. Determine d(-50).
-3039
Let k(t) = -2*t**2 + 71*t + 105. What is k(22)?
699
Let z(d) = -40*d**2 - 23849*d - 5371. Determine z(-596).
-7
Let s(o) = 1262*o + 58066. Give s(-46).
14
Let y(l) = -l**2 + 390*l - 34213. Determine y(259).
-284
Let a(x) = x**2 + 40637*x - 894485. Determine a(22).
13
Let x(r) = -r**2 - 12825*r - 217733. Give x(-17).
3
Let i(u) = -u**2 + 1513*u - 435015. What is i(386)?
7
Let m(t) = -108438*t - 325298. Give m(-3).
16
Let o(f) = f**3 - 7*f**2 - 65*f + 527. Calculate o(6).
101
Let n(k) = -24789*k + 4139711. Give n(167).
-52
Let l(n) = 26836*n - 241534. What is l(9)?
-10
Let x(d) = 821*d - 29746. Calculate x(36).
-190
Let k(d) = 3*d**3 + 130*d**2 + 134*d + 31. Give k(-42).
1459
Let d(v) = -v**3 - 94*v**2 + 848*v + 133. Determine d(-102).
-3131
Let h(c) = 39*c**2 - 3140*c + 16133. Give h(75).
8
Let u(t) = -23684*t - 165985. Calculate u(-7).
-197
Let j(h) = 122127*h + 8182501. Calculate j(-67).
-8
Let v(r) = 5*r**2 + 708*r + 16169. Determine v(-113).
10
Let q(d) = -175*d**2 - 1242*d + 33. Determine q(-7).
152
Let z(r) = -531336*r - 7970043. What is z(-15)?
-3
Let i(q) = q**2 + 134*q + 4429. Calculate i(-74).
-11
Let y(n) = 17*n - 297. Calculate y(26).
145
Let i(j) = -j**2 + 99*j + 277. What is i(102)?
-29
Let n(t) = 15*t**3 - 64*t**2 + 20*t + 3. Calculate n(4).
19
Let v(r) = r**3 + 95*r**2 + 185*r + 8499. Determine v(-94).
-55
Let i(g) = -20*g**3 + 84*g**2 + 75*g - 9. Calculate i(-1).
20
Let l(m) = 924*m - 97436. Determine l(103).
-2264
Let u(x) = -26*x**2 + 734*x + 159. Calculate u(25).
2259
Let n(q) = -53329*q - 219. Give n(0).
-219
Let d(f) = -f**3 + 137*f**2 - 1501*f + 120. Determine d(125).
-5
Let g(b) = 335*b + 7833. Give g(-24).
-207
Let v(w) = w**3 + 17*w**2 - 89*w + 14. Calculate v(-18).
1292
Let d(q) = -91*q**2 + 29391*q + 648. Calculate d(323).
2
Let c(z) = -4*z**2 - 8372*z + 2219118. Determine c(238).
6
Let i(g) = 261*g + 1662. Calculate i(-4).
618
Let y(t) = 7163*t**2 + 43002*t + 158. What is y(-6)?
14
Let y(l) = 2*l**3 - 3*l**2 + 95*l - 400. What is y(4)?
60
Let a(z) = -14*z**3 + 115*z**2 + 14*z - 44. What is a(7)?
887
Let a(d) = -109*d**2 + 11766*d + 552. Determine a(108).
-96
Let q(s) = -s**3 + 38*s**2 + 322*s - 6725. Determine q(11).
84
Let a(d) = 3*d**3 - 30*d**2 + 196*d + 49. Give a(10).
2009
Let d(q) = 1095*q - 224476. Determine d(205).
-1
Let s(f) = 4*f**3 + 71*f**2 + 29*f - 70. Determine s(-17).
304
Let v(u) = 53*u + 1327. Give v(-23).
108
Let u(m) = -5216*m - 93905. What is u(-18)?
-17
Let z(t) = 1205*t + 17620. Calculate z(-17).
-2865
Let v(q) = -3*q**3 + 869*q**2 + 3834*q - 3481. Calculate v(294).
47
Let z(u) = -u**3 + 10*u**2 + 3694*u + 155. Give z(66).
23
Let z(q) = 3775*q - 185046. What is z(49)?
-71
Let h(z) = -3741*z - 61408. What is h(-16)?
-1552
Let l(h) = 570*h**2 - 22234*h + 156. Give l(39).
0
Let p(b) = b**2 + 2383*b + 877246. What is p(-455)?
6
Let l(z) = -z**3 - 781*z**2 + 3749*z + 905. What is l(5)?
0
Let v(l) = 332*l - 34513. Determine v(99).
-1645
Let u(y) = 2*y**3 - 120*y**2 - 54*y - 192. What is u(60)?
-3432
Let l(v) = -37*v**2 - 32*v + 75. Determine l(2).
-137
Let d(z) = -339*z**3 + 81*z**2 + 67*z - 14. What is d(-1)?
339
Let l(k) = 3750*k + 10519. What is l(-3)?
-731
Let o(v) = 2053*v - 9289. Give o(7).
5082
Let k(m) = 18*m + 440. Give k(-47).
-406
Let b(r) = -370*r + 2155. What is b(8)?
-805
Let q(b) = -3*b**2 + 59*b - 31. Calculate q(22).
-185
Let o(s) = -1225*s - 21852. What is o(-18)?
198
Let g(m) = 164*m - 691. What is g(-8)?
-2003
Let f(k) = 7*k**3 + 3*k**2 + 11*k - 1382. Calculate f(0).
-1382
Let d(b) = -4362*b - 78181. Calculate d(-18).
335
Let z(d) = -35*d**2 - 1713*d - 6017. Give z(-45).
193
Let g(m) = 801*m + 36070. Determine g(-45).
25
Let n(z) = -2198*z + 149419. Calculate n(68).
-45
Let q(h) = -4*h**3 - 97*h**2 + 1134*h + 293. Determine q(-33).
986
Let n(l) = l**2 - 332*l + 12792. Determine n(44).
120
Let r(t) = -4*t**3 - 3891*t**2 + 4915*t + 43830. Calculate r(-974).
0
Let x(f) = f**3 - 41*f**2 + 196*f + 370. Determine x(35).
-120
Let i(m) = -5*m**3 - 2*m**2 + 1902*m + 1905. Determine i(-1).
6
Let j(m) = 9*m**3 + 2485*m**2 + 326*m + 13796. Determine j(-276).
-4
Let v(h) = h**3 + 166*h**2 - 11333*h + 660. Determine v(-218).
6
Let b(i) = -7*i**3 - 194*i**2 + 35*i - 191. What is b(-28)?
397
Let n(w) = -3*w**3 + 17*w**2 + 41*w - 414. What is n(7)?
-323
Let r(m) = -97*m - 4645. Give r(-47).
-86
Let a(p) = -2*p**2 - 2269*p + 77035. Give a(33).
-20
Let g(x) = 2283*x + 695. What is g(1)?
2978
Let q(b) = -3*b**3 + 453*b**2 - 895*b + 201. Determine q(149).
52
Let u(n) = 9837*n - 354110. Determine u(36).
22
Let u(t) = 2*t**3 - 16*t**2 + 14346*t - 71632. Give u(5).
-52
Let s(k) = -k**3 - 16*k**2 - 21*k + 388. Calculate s(-10).
-2
Let q(w) = 14*w**2 + 1827*w - 464. What is q(-131)?
453
Let c(q) = 137*q**2 - 229*q - 39. Calculate c(2).
51
Let j(o) = 31573*o - 220889. Calculate j(7).
122
Let c(p) = -27*p**2 + 99*p + 113. Give c(-1).
-13
Let w(s) = 16*s + 1258. Calculate w(16).
1514
Let i(w) = -w**3 - 13*w**2 + 8*w - 78. Calculate i(-14).
6
Let c(h) = 72*h**3 - 5*h**2 - 164*h + 331. Determine c(2).
559
Let l(w) = -21018*w + 735735. What is l(35)?
105
Let z(j) = 2*j**3 - 23*j**2 - 28*j - 136. Calculate z(13).
7
Let p(u) = 161*u**2 - 483*u + 2. Calculate p(3).
2
Let s(b) = 2*b**2 - 23006*b - 138093. Determine s(-6).
15
Let f(w) = -6*w**2 + 576*w - 11651. Determine f(29).
7
Let d(a) = -a**3 + 2878*a**2 + 119668*a - 445. Determine d(-41).
6
Let l(u) = 83*u + 3958. What is l(-53)?
-441
Let h(q) = 9*q - 620. What is h(17)?
-467
Let c(l) = 24*l**2 - 14*l - 1436. Give c(8).
-12
Let r(z) = z**3 + 122*z**2 - 251*z + 873. Calculate r(-124).
1245
Let m(p) = 1568*p - 75627. Calculate m(48).
-363
Let z(p) = -p**2 + 90*p + 99973. What is z(-273)?
874
Let q(h) = -h**3 - 120*h**2 + 839*h + 368. Give q(7).
18
Let j(v) = -47*v**3 + 213*v**2 + 420*v - 7. Calculate j(-2).
381
Let j(t) = -5413*t**2 - 59542*t + 13. What is j(-11)?
2
Let f(i) = 282*i + 18467. What is f(-52)?
3803
Let z(f) = 255*f + 47888. Determine z(-187).
203
Let b(d) = -185*d - 15530. What is b(-83)?
-175
Let w(s) = -820*s - 309131. What is w(-377)?
9
Let c(j) = j**3 + 468*j**2 - 3758*j - 62. Calculate c(8).
338
Let a(z) = z**3 - 65539*z**2 + 131060*z + 32. Give a(2).
4
Let r(m) = -m**3 + 505*m**2 - 1357*m - 74818. Give r(502).
-20
Let v(f) = -79249*f + 554743. Determine v(7).
0
Let i(c) = 5*c**3 - 206*c**2 + 1350*c + 76. Determine i(33).
-23
Let u(o) = 2285*o + 285632. Determine u(-125).
7
Let x(m) = -6356*m + 959498. Give x(151).
-258
Let s(z) = z**3 + 896*z**2 - 3621*z + 10. What is s(4)?
-74
Let d(l) = -l**3 + 30*l**2 - 79*l - 74. Calculate d(4).
26
Let k(r) = -r**3 - 18*r**2 - 425*r - 8398. Give k(-19).
38
Let u(z) = 2*z**3 + 204*z**2 - 2251*z - 229599. What is u(-102)?
3
Let g(v) = -77*v**2 - 856*v + 1726. What is g(2)?
-294
Let u(l) = 226*l**2 - 139659*l - 5569. Determine u(618).
-7
Let i(g) = -g**3 + 192*g**2 - 1110*g - 1945. Determine i(186).
-829
Let d(n) = -9*n**2 - 316*n - 2720. Determine d(-20).
0
Let n(g) = 3824*g + 133757. What is n(-35)?
-83
Let w(o) = -10157*o - 914133. Give w(-90).
-3
Let i(c) = -620*c - 10741. What is i(-22)?
2899
Let v(o) = -5*o**3 + 458*o**2 + 424*o - 881. Calculate v(1).
-4
Let w(u) = 9854*u**2 + 29561*u - 20. Determine w(-3).
-17
Let j(z) = 319*z + 35322. What is j(-111)?
-87
Let l(w) = -24*w**2 + 339*w - 1316. What is l(4)?
-344
Let w(p) = -3*p**2 - 68165*p - 2993453. Give w(-44).
-1
Let t(c) = 18694*c - 36026. What is t(2)?
1362
Let h(y) = -3*y**3 -